hat is the remainder when 2692 is divided by 2680?
12
Calculate the remainder when 11 is divided by 4.
3
Calculate the remainder when 170 is divided by 170.
0
Calculate the remainder when 94 is divided by 34.
26
Calculate the remainder when 25269 is divided by 351.
348
Calculate the remainder when 8529 is divided by 29.
3
Calculate the remainder when 1136 is divided by 281.
12
What is the remainder when 248 is divided by 12?
8
What is the remainder when 1471 is divided by 16?
15
What is the remainder when 914 is divided by 13?
4
What is the remainder when 5493 is divided by 73?
18
Calculate the remainder when 122 is divided by 43.
36
What is the remainder when 3594 is divided by 109?
106
Calculate the remainder when 250 is divided by 85.
80
Calculate the remainder when 3568 is divided by 21.
19
Calculate the remainder when 99 is divided by 15.
9
Calculate the remainder when 457 is divided by 7.
2
Calculate the remainder when 949 is divided by 5.
4
Calculate the remainder when 492 is divided by 29.
28
Calculate the remainder when 7522 is divided by 99.
97
Calculate the remainder when 965 is divided by 191.
10
Calculate the remainder when 6647 is divided by 21.
11
What is the remainder when 184 is divided by 59?
7
What is the remainder when 226 is divided by 31?
9
What is the remainder when 1473 is divided by 45?
33
Calculate the remainder when 7106 is divided by 45.
41
What is the remainder when 1301 is divided by 7?
6
What is the remainder when 590 is divided by 126?
86
Calculate the remainder when 1044 is divided by 36.
0
What is the remainder when 293 is divided by 27?
23
What is the remainder when 9095 is divided by 41?
34
Calculate the remainder when 650 is divided by 17.
4
What is the remainder when 19 is divided by 18?
1
What is the remainder when 377 is divided by 27?
26
What is the remainder when 712 is divided by 7?
5
What is the remainder when 406 is divided by 51?
49
What is the remainder when 646 is divided by 18?
16
What is the remainder when 347 is divided by 58?
57
What is the remainder when 485 is divided by 163?
159
Calculate the remainder when 7368 is divided by 22.
20
What is the remainder when 75 is divided by 11?
9
What is the remainder when 81 is divided by 5?
1
What is the remainder when 12944 is divided by 52?
48
Calculate the remainder when 806 is divided by 139.
111
Calculate the remainder when 624 is divided by 74.
32
What is the remainder when 195 is divided by 33?
30
Calculate the remainder when 480 is divided by 150.
30
Calculate the remainder when 399 is divided by 6.
3
Calculate the remainder when 84 is divided by 22.
18
Calculate the remainder when 189 is divided by 60.
9
What is the remainder when 165 is divided by 85?
80
What is the remainder when 157 is divided by 82?
75
Calculate the remainder when 254 is divided by 17.
16
What is the remainder when 252 is divided by 17?
14
What is the remainder when 132 is divided by 45?
42
Calculate the remainder when 329 is divided by 108.
5
Calculate the remainder when 1979 is divided by 55.
54
Calculate the remainder when 60 is divided by 23.
14
Calculate the remainder when 262 is divided by 51.
7
Calculate the remainder when 171 is divided by 11.
6
What is the remainder when 1273 is divided by 98?
97
Calculate the remainder when 61 is divided by 21.
19
Calculate the remainder when 10309 is divided by 27.
22
What is the remainder when 219 is divided by 55?
54
Calculate the remainder when 16121 is divided by 29.
26
What is the remainder when 225 is divided by 79?
67
What is the remainder when 1014 is divided by 37?
15
Calculate the remainder when 223 is divided by 205.
18
What is the remainder when 5932 is divided by 86?
84
Calculate the remainder when 150 is divided by 72.
6
Calculate the remainder when 1035 is divided by 37.
36
Calculate the remainder when 39 is divided by 1.
0
What is the remainder when 613 is divided by 154?
151
Calculate the remainder when 777 is divided by 93.
33
What is the remainder when 38 is divided by 9?
2
What is the remainder when 23950 is divided by 17?
14
Calculate the remainder when 20904 is divided by 29.
24
What is the remainder when 171 is divided by 86?
85
Calculate the remainder when 1458 is divided by 328.
146
Calculate the remainder when 325 is divided by 30.
25
Calculate the remainder when 50 is divided by 38.
12
What is the remainder when 581 is divided by 13?
9
Calculate the remainder when 201 is divided by 32.
9
What is the remainder when 113 is divided by 31?
20
Calculate the remainder when 46 is divided by 13.
7
What is the remainder when 131 is divided by 23?
16
Calculate the remainder when 112 is divided by 18.
4
What is the remainder when 1070 is divided by 45?
35
Calculate the remainder when 88 is divided by 27.
7
What is the remainder when 394 is divided by 99?
97
Calculate the remainder when 817 is divided by 9.
7
What is the remainder when 161 is divided by 84?
77
Calculate the remainder when 483 is divided by 97.
95
What is the remainder when 2821 is divided by 17?
16
What is the remainder when 436 is divided by 44?
40
Calculate the remainder when 43 is divided by 24.
19
Calculate the remainder when 2276 is divided by 9.
8
Calculate the remainder when 2391 is divided by 25.
16
What is the remainder when 886 is divided by 4?
2
Calculate the remainder when 699 is divided by 51.
36
Calculate the remainder when 393 is divided by 99.
96
What is the remainder when 759 is divided by 152?
151
Calculate the remainder when 426 is divided by 15.
6
Calculate the remainder when 18 is divided by 7.
4
What is the remainder when 171 is divided by 58?
55
What is the remainder when 422 is divided by 183?
56
What is the remainder when 809 is divided by 165?
149
What is the remainder when 308 is divided by 64?
52
What is the remainder when 2464 is divided by 274?
272
What is the remainder when 422 is divided by 109?
95
Calculate the remainder when 279 is divided by 141.
138
Calculate the remainder when 827 is divided by 12.
11
Calculate the remainder when 123 is divided by 31.
30
What is the remainder when 924 is divided by 186?
180
What is the remainder when 940 is divided by 6?
4
What is the remainder when 897 is divided by 36?
33
What is the remainder when 305 is divided by 54?
35
What is the remainder when 68 is divided by 10?
8
What is the remainder when 34 is divided by 20?
14
Calculate the remainder when 197 is divided by 25.
22
What is the remainder when 1103 is divided by 85?
83
What is the remainder when 150 is divided by 139?
11
Calculate the remainder when 3753 is divided by 6.
3
What is the remainder when 945 is divided by 190?
185
What is the remainder when 6765 is divided by 144?
141
What is the remainder when 59 is divided by 21?
17
What is the remainder when 112 is divided by 19?
17
Calculate the remainder when 202 is divided by 26.
20
What is the remainder when 378 is divided by 117?
27
What is the remainder when 22 is divided by 17?
5
Calculate the remainder when 1070 is divided by 143.
69
What is the remainder when 2216 is divided by 96?
8
Calculate the remainder when 45 is divided by 9.
0
Calculate the remainder when 872 is divided by 23.
21
Calculate the remainder when 2469 is divided by 19.
18
Calculate the remainder when 500 is divided by 24.
20
Calculate the remainder when 3280 is divided by 6.
4
Calculate the remainder when 20 is divided by 6.
2
What is the remainder when 242 is divided by 30?
2
Calculate the remainder when 1158 is divided by 570.
18
Calculate the remainder when 1299 is divided by 50.
49
Calculate the remainder when 3739 is divided by 48.
43
What is the remainder when 662 is divided by 19?
16
Calculate the remainder when 322 is divided by 7.
0
What is the remainder when 152 is divided by 16?
8
What is the remainder when 504 is divided by 14?
0
What is the remainder when 449 is divided by 156?
137
What is the remainder when 477 is divided by 66?
15
Calculate the remainder when 1679 is divided by 16.
15
Calculate the remainder when 406 is divided by 50.
6
What is the remainder when 143 is divided by 48?
47
Calculate the remainder when 521 is divided by 66.
59
Calculate the remainder when 286 is divided by 58.
54
Calculate the remainder when 248 is divided by 20.
8
Calculate the remainder whe